ide 2445?
False
Is 149084 a multiple of 12?
False
Is 143 a multiple of 61?
False
Is 4574 a multiple of 2?
True
Is 22 a factor of 719?
False
Does 5 divide 10685?
True
Does 5 divide 1309?
False
Is 5935 a multiple of 5?
True
Does 12 divide 7543?
False
Is 2144 a multiple of 67?
True
Is 15 a factor of 108735?
True
Is 16 a factor of 654?
False
Is 14 a factor of 111?
False
Does 67 divide 27738?
True
Is 2 a factor of 85?
False
Is 252 a multiple of 7?
True
Is 1528 a multiple of 83?
False
Is 4626 a multiple of 53?
False
Is 21 a factor of 6132?
True
Is 110 a multiple of 22?
True
Does 17 divide 1853?
True
Is 18 a factor of 5869?
False
Is 11 a factor of 231?
True
Is 4551 a multiple of 123?
True
Is 3285 a multiple of 3?
True
Does 10 divide 4310?
True
Is 14 a factor of 1638?
True
Is 15 a factor of 6885?
True
Is 5252 a multiple of 17?
False
Does 217 divide 32423?
False
Does 25 divide 159?
False
Is 30 a factor of 150?
True
Is 60 a factor of 1320?
True
Is 53 a factor of 2237?
False
Does 13 divide 1248?
True
Does 28 divide 5140?
False
Is 28260 a multiple of 12?
True
Does 17 divide 3610?
False
Is 5 a factor of 245?
True
Is 11 a factor of 46494?
False
Is 693 a multiple of 46?
False
Is 817 a multiple of 19?
True
Does 11 divide 981?
False
Does 13 divide 624?
True
Is 453 a multiple of 46?
False
Is 12471 a multiple of 343?
False
Is 12770 a multiple of 10?
True
Does 39 divide 546?
True
Does 185 divide 57622?
False
Is 328 a multiple of 44?
False
Is 2280 a multiple of 20?
True
Is 86 a factor of 13235?
False
Does 12 divide 94?
False
Does 74 divide 444?
True
Does 25 divide 1620?
False
Is 267 a multiple of 71?
False
Is 4 a factor of 967?
False
Does 43 divide 1806?
True
Does 20 divide 26560?
True
Does 95 divide 9310?
True
Is 136040 a multiple of 19?
True
Does 8 divide 5128?
True
Is 13 a factor of 2574?
True
Does 28 divide 1316?
True
Does 68 divide 4692?
True
Is 224 a multiple of 3?
False
Is 16 a factor of 2736?
True
Is 350 a multiple of 6?
False
Is 105 a multiple of 2?
False
Is 5 a factor of 1500?
True
Is 485 a multiple of 5?
True
Is 37 a factor of 8798?
False
Does 50 divide 86800?
True
Is 62 a factor of 5143?
False
Does 19 divide 1966?
False
Is 29 a factor of 1160?
True
Is 44 a factor of 660?
True
Is 17 a multiple of 17?
True
Is 561 a multiple of 51?
True
Does 9 divide 16734?
False
Is 86 a multiple of 3?
False
Does 25 divide 1504?
False
Is 870 a multiple of 63?
False
Is 348 a multiple of 12?
True
Is 12597 a multiple of 69?
False
Is 33 a multiple of 2?
False
Is 3 a factor of 300?
True
Is 49 a factor of 38436?
False
Does 15 divide 1545?
True
Is 16 a factor of 2965?
False
Does 59 divide 15063?
False
Does 5 divide 206?
False
Is 11 a factor of 163?
False
Does 84 divide 19068?
True
Does 3 divide 74?
False
Does 9 divide 355?
False
Does 17 divide 5133?
False
Is 1848 a multiple of 33?
True
Is 4237 a multiple of 223?
True
Is 73 a factor of 16694?
False
Does 12 divide 516?
True
Is 656 a multiple of 5?
False
Is 14065 a multiple of 76?
False
Does 7 divide 2478?
True
Does 81 divide 5265?
True
Is 269 a factor of 26598?
False
Is 72 a factor of 24336?
True
Is 11512 a multiple of 16?
False
Is 8 a factor of 5448?
True
Is 112 a multiple of 21?
False
Is 3374 a multiple of 127?
False
Does 56 divide 672?
True
Does 3 divide 207?
True
Is 6800 a multiple of 34?
True
Is 14346 a multiple of 29?
False
Is 484 a multiple of 22?
True
Is 12 a factor of 594?
False
Is 10608 a multiple of 52?
True
Is 14 a factor of 18844?
True
Is 23 a factor of 15331?
False
Is 609 a multiple of 21?
True
Is 62 a factor of 168?
False
Is 11316 a multiple of 12?
True
Is 9095 a multiple of 17?
True
Is 24 a factor of 1782?
False
Is 1207 a multiple of 17?
True
Is 234 a multiple of 26?
True
Is 9 a factor of 32?
False
Does 9 divide 198?
True
Is 22 a factor of 1573?
False
Is 493 a multiple of 13?
False
Is 2268 a multiple of 12?
True
Does 15 divide 2445?
True
Is 53680 a multiple of 222?
False
Is 66 a multiple of 6?
True
Is 516 a multiple of 4?
True
Does 105 divide 1890?
True
Is 172 a multiple of 4?
True
Is 69 a factor of 9419?
False
Is 12 a factor of 16166?
False
Is 5310 a multiple of 15?
True
Is 6480 a multiple of 144?
True
Does 28 divide 10871?
False
Is 40392 a multiple of 198?
True
Is 41 a factor of 2706?
True
Is 1194 a multiple of 42?
False
Is 30 a factor of 1807?
False
Is 284 a factor of 10924?
False
Is 1332 a multiple of 74?
True
Is 2123 a multiple of 42?
False
Does 17 divide 172?
False
Is 33 a factor of 23199?
True
Does 4 divide 3615?
False
Is 10 a factor of 80?
True
Does 23 divide 67505?
True
Does 24 divide 128?
False
Is 5265 a multiple of 13?
True
Is 137 a multiple of 7?
False
Is 29 a factor of 9512?
True
Is 824 a multiple of 8?
True
Does 46 divide 3622?
False
Is 10785 a multiple of 5?
True
Does 30 divide 4680?
True
Is 250 a multiple of 25?
True
Does 54 divide 16889?
False
Is 674 a multiple of 6?
False
Is 6 a factor of 3604?
False
Is 4 a factor of 162?
False
Is 31 a factor of 194?
False
Is 20 a factor of 496?
False
Does 82 divide 82?
True
Does 13 divide 9217?
True
Is 2102 a multiple of 86?
False
Does 53 divide 9642?
False
Is 970 a multiple of 10?
True
Does 26 divide 272?
False
Is 61 a factor of 2440?
True
Is 8 a factor of 256?
True
Is 462 a multiple of 6?
True
Is 27935 a multiple of 67?
False
Is 6 a factor of 294?
True
Does 27 divide 6048?
True
Is 11 a factor of 1386?
True
Is 3851 a multiple of 3?
False
Is 2863 a multiple of 13?
False
Is 25 a factor of 1385?
False
Does 177 divide 15928?
False
Does 2 divide 41?
False
Does 23 divide 1610?
True
Is 73 a factor of 3577?
True
Is 23 a factor of 759?
True
Is 46 a factor of 35052?
True
Does 140 divide 2052?
False
Is 4 a factor of 580?
True
Is 4 a factor of 212?
True
Is 285 a multiple of 15?
True
Is 62 a factor of 521?
False
Is 4132 a multiple of 37?
False
Is 1239 a multiple of 10?
False
Does 23 divide 299?
True
Is 35 a factor of 147805?
True
Is 86453 a multiple of 443?
False
Does 102 divide 8262?
True
Does 7 divide 13936?
False
Is 1809 a multiple of 4?
False
Is 2 a factor of 1470?
True
Is 30055 a multiple of 15?
False
Is 31 a factor of 10354?
True
Does 115 divide 285?
False
Is 297 a multiple of 6?
False
Is 35 a factor of 24603?
False
Is 108 even?
True
Is 966 a multiple of 7?
True
Is 22 a factor of 4406?
False
Does 41 divide 20610?
False
Is 8 a factor of 24?
True
Is 8 a factor of 48?
True
Is 52 a factor of 52?
True
Is 357 a multiple of 16?
False
Is 47107 a multiple of 24?
False
Does 14 divide 50350?
False
Does 8 divide 7290?
False
Does 14 divide 146751?
False
Is 10931 a multiple of 169?
False
Is 1931 a multiple of 5?
False
Is 3075 a multiple of 12?
False
Does 32 divide 65088?
True
Is 30 a factor of 6000?
True
Does 57 divide 805?
False
Does 9 divide 5409?
True
Does 8 divide 1421?
False
Is 11 a factor of 3192?
False
Is 33 a factor of 1114?
False
Does 49 divide 32879?
True
Is 49491 a multiple of 141?
True
Is 21 a factor of 584?
False
Does 43 divide 473?
True
Does 79 divide 27581?
False
Is 16 a factor of 12864?
True
Does 25 divide 1950?
True
Is 21761 a multiple of 76?
False
Is 875 a multiple of 7?
True
Is 4876 a multiple of 23?
True
Is 1015 a multiple of 7?
True
Is 40031 a multiple of 271?
False
Is 17 a factor of 21437?
True
Is 5146 a multiple of 31?
True
Is 15834 a multiple of 33?
False
Does 66 divide 7749?
False
Is 11569 a multiple of 67?
False
Is 287 a factor of 22960?
True
Does 46 divide 2852?
True
Does 6 divide 2780?
False
Is 426 a multiple of 6?
True
Is 1140 a multiple of 19?
True
Does 133 divide 9443?
True
Is 8977 a multiple of 37?
False
Is 2 a factor of 288?
True
Does 93 divide 29535?
False
Does 187 divide 10798?
False
Is 14 a factor of 67?
False
Does 24 divide 3768?
True
Is 49 a factor of 381?
False
Is 15160 a multiple of 32?
False
Is 234 a factor of 130422?
False
Is 36 a factor of 8280?
True
Does 27 divide 3051?
True
Does 39 divide 61748?
False
Is 53795 a multiple of 35?
True
Is 29 a factor of 551?
True
Does 2 divide 1030?
True
Is 15 a factor of 1035?
True
Is 5106 a multiple of 23?
True
Is 8 a factor of 200?
True
Is 140 a multiple of 7?
True
Is 39 a factor of 2916?
False
Is 20 a factor of 573?
False
Is 1990 a multiple of 10?
True
Does 59 divide 1003?
True
Is 133 a factor of 8234?
False
Is 18 a factor of 30978?
True
Does 21 divide 11928?
True
Is 8447 a multiple of 7?
False
Is 4